and l.
14
Let h = 79 + -74. Suppose 4*n + x - 2*x = 56, h*n = -3*x + 87. What is the highest common divisor of n and 5?
5
Suppose -14*y - 198 = -32*y. What is the greatest common factor of y and 99?
11
Let l be (-21)/(-294)*7 + -38*(-1)/4. Let o(u) = 24*u + 2. Let i be o(2). What is the greatest common divisor of i and l?
10
Let i = -18 - -20. Let s be (-3 + 0)/(-1) - 2. Let x be s - (-28 - (5 - i)). What is the greatest common factor of 8 and x?
8
Let b(z) be the second derivative of -z**5/20 - z**4/12 - z**3/6 + 7*z**2/2 - 9*z. Let u be b(0). Calculate the greatest common factor of 7 and u.
7
Let x(a) = 2*a**3 - 53*a**2 + 28*a - 44. Let w be x(26). Suppose -2*s - 3*s = 5. Let k = w + s. What is the greatest common factor of k and 56?
7
Suppose 17*f = 13*f + 48. Calculate the highest common divisor of f and 396.
12
Let b be (-16)/112 + 94*(-6)/(-28). What is the greatest common divisor of b and 370?
10
Suppose 2*l = -0*n + 2*n + 78, -4*n + 96 = 2*l. Let y = -11 + l. What is the greatest common divisor of 31 and y?
31
Suppose 6 = -2*j + 16. Suppose -j*g - 13 = -38. Suppose 0 = 2*c - 97 - g. What is the greatest common factor of c and 34?
17
Let v(b) = -23*b - 48. Let q be v(-3). Suppose 0*m + 5*y = -5*m + 210, 5*m - 210 = 2*y. Calculate the greatest common factor of q and m.
21
Let k = 765 + -753. Suppose -5*s - 3*v = -171, 92 + 13 = 3*s + v. What is the highest common factor of k and s?
12
Suppose -16*g - 23*g = -429. What is the highest common divisor of g and 396?
11
Suppose 3*b - 21*b + 38628 = 0. What is the highest common divisor of 58 and b?
58
Suppose 2*h = -k + 599, 2*h = -5*k + 3*k + 1194. Calculate the greatest common divisor of k and 34.
17
Suppose k - c = 69, 4*k - 299 + 16 = -3*c. Let i(w) = w**3 - 24*w**2 + 26*w - 55. Let x be i(23). Calculate the greatest common divisor of x and k.
14
Let y be 33*(-2 - 24/(-9)). Suppose h + 3 = 7. Suppose -h*z + 660 = 2*z. Calculate the highest common factor of y and z.
22
Let s = -1478 + 1506. Calculate the greatest common factor of s and 21.
7
Let a = 826 - 397. What is the greatest common factor of a and 39?
39
Let y = -53 - -52. Let i(b) = 81*b**2 + b + 1. Let d be i(y). Calculate the greatest common factor of 27 and d.
27
Suppose -y - 6 = -4*y. Suppose -y*i - 2*i + 4 = 0. What is the greatest common divisor of i and 2?
1
Suppose 5*m + 3*i = 144, 4*m - 5*i = -2*i + 126. What is the greatest common divisor of 50 and m?
10
Let c(m) = 10*m**2 + 16*m + 21. Let g be c(-4). Suppose -3*t - 2*t - 3*d + 145 = 0, -2*d - 16 = -t. What is the greatest common factor of t and g?
13
Let i(y) = y**3 + 4*y**2 - 5*y - 5. Let q be i(-4). Suppose 4*u = q*u - 99. What is the highest common factor of u and 3?
3
Let c(y) = -32*y - 160. Let v be c(-11). Calculate the greatest common divisor of 64 and v.
64
Suppose 0 = -4*k + 4*n + 25920, -k - 2*n = 2*n - 6465. Let j be k/12 + (-1)/(-4). Suppose -w - 3*w + j = 0. Calculate the greatest common factor of w and 27.
27
Let t be 1/7 - (-5070)/182. What is the highest common divisor of t and 77?
7
Let s = -1615 + 3090. Calculate the highest common divisor of 59 and s.
59
Let v(f) = f**3 + 6*f**2 + 5*f + 5. Let c be v(-5). Suppose 0 = 3*h + c*q - 265, 4*h + 3*q + 363 = 8*h. What is the greatest common factor of h and 18?
18
Let a(v) = -7*v - 15. Let c be a(-6). Let h be 2 + (c + -1)/1. What is the greatest common factor of 70 and h?
14
Let b = 5266 - 5242. Let z(r) = 3*r**2 - 3*r - 4. Let q be z(-3). What is the highest common factor of q and b?
8
Let u be 7 + (14/(-3) - 24/(-36)). Let h = u + 47. Calculate the highest common divisor of 2 and h.
2
Let r be (-6)/42 - (-624)/56. What is the greatest common factor of r and 33?
11
Suppose -5*f + 13 = -4*f. Let b be -3*(-4)/(-12)*-4. Suppose -3*d - 9 = -b*d + 2*i, -2*d - 5*i + 36 = 0. Calculate the greatest common factor of d and f.
13
Let n(l) = -5 + 7*l + l**3 - 4*l**2 - 3 + 0*l**3 + 4. Let v be n(3). Let t be ((-20)/v)/((-1)/16). What is the greatest common divisor of 8 and t?
8
Let r be -120*(104/12 + -9). Let g(m) = -5*m. Let p be g(-2). What is the highest common factor of p and r?
10
Let a be (-15)/12*-4 - -1. Calculate the greatest common divisor of 18 and a.
6
Suppose 5*m = 5*o + 732 + 2888, -2*o + 3606 = 5*m. Calculate the greatest common divisor of m and 114.
38
Let i(g) = -2*g**2 - 84*g + 26. Let l be i(-17). What is the greatest common factor of 12 and l?
12
Suppose 3*z = 6*z - 27. Suppose -6*p = -105 + z. Calculate the greatest common divisor of p and 4.
4
Let x = -76 - -94. What is the greatest common factor of 234 and x?
18
Let p = 0 - -1. Let h be 0 - p - (-80 - -3). Suppose -3*f = f - h. What is the highest common factor of f and 19?
19
Suppose 0 = 2*a + 3*f - 26, -3*a - 4*f + 2 = -5*a. What is the greatest common divisor of a and 259?
7
Let r(c) = -978*c. Let w be r(-2). Suppose w = -3*n + 5*n. Suppose -2*s - 5*j + 587 = 78, 2*j - n = -4*s. What is the greatest common divisor of 22 and s?
22
Let c(d) = d**2 + 8*d + 3. Let p be c(-8). Suppose -2*r - 36 = -4*n - 6*r, 4*n - 26 = -2*r. Suppose -k + n = -p. What is the highest common divisor of k and 42?
7
Suppose 5*r = 3*r + 8. Suppose 0 = 2*t + 4*c, -2*t + 5*t - 6 = -r*c. Let w = -145 + 199. What is the highest common factor of w and t?
6
Let d(g) = -12*g + 7. Let r be d(5). Let m = r - -77. Calculate the greatest common divisor of m and 8.
8
Let v(m) = m**2 - 2*m + 2. Let w be v(3). Suppose -10*i = 33 - 133. What is the highest common divisor of w and i?
5
Let m be ((-385)/(-105))/((-2)/(-4))*3. What is the greatest common divisor of m and 2266?
22
Let s(j) = 3*j**2 - 12*j - 32. Let r be s(-11). Let h = r + -303. Calculate the highest common factor of 20 and h.
20
Suppose -6*y - 135 + 543 = 0. Let b = y + -46. Let g be (-4)/6 - (-16)/6. Calculate the greatest common divisor of b and g.
2
Suppose 3*i = -g + 32 + 27, -4*i + g = -67. What is the highest common factor of 42 and i?
6
Suppose t - 16 = 72. Let z(o) = 47*o**3 - 2*o**2 + 1. Let w be z(-1). Let x = w + t. What is the greatest common factor of 10 and x?
10
Suppose 2*b - 8 = 28. Suppose -z + 4*z - l - 28 = 0, -4*l + b = z. What is the highest common factor of z and 10?
10
Suppose 2525 = -26*i + 31*i. Suppose -i = -2*s - 115. Calculate the greatest common factor of s and 78.
39
Let z = -202 + 212. What is the greatest common divisor of z and 95?
5
Suppose j - 5*j = -24. Let k(a) = 6*a - 10. Let x(w) = 5*w - 10. Let h(l) = 6*k(l) - 7*x(l). Let n be h(j). Calculate the greatest common divisor of n and 48.
16
Let w = -6 - -4. Let n = 17 + w. What is the greatest common divisor of 60 and n?
15
Let b be (-4)/6*-2*(-6)/(-4). Suppose b*h - 3 = 3*g - h, 2*h = -4*g + 20. What is the greatest common factor of g and 33?
3
Let y = -724 - -749. Suppose -4*n + 11 = x - 0*n, -x + 4*n - 13 = 0. Let u(h) = -74*h + 1. Let v be u(x). What is the highest common divisor of v and y?
25
Let y be 12/(-18) + 2756/3. Let i = y - 473. Suppose -i = -4*j - 61. Calculate the greatest common divisor of 12 and j.
12
Let q = -8 - -16. Suppose -4*c = -3*c - 16. Calculate the highest common factor of q and c.
8
Let q = 23542 - 23245. Suppose -5*z = 2*p + p - 48, 3*z - 31 = -2*p. Calculate the highest common divisor of p and q.
11
Suppose -2*d + 0*d - 4 = 0, -o - 2*d + 24 = 0. What is the greatest common factor of o and 700?
28
Let l(q) = 6*q**2 + 4*q + 48. Let w be l(-6). What is the highest common divisor of w and 336?
48
Let y be 9/21*4 + 2/7. Let s(i) = 15*i**2 - i - 8. Let r be s(y). Let v be 76 - ((-1)/1 - -2). What is the greatest common factor of v and r?
25
Let a(z) = -z**3 + 13*z**2 - 11*z - 9. Let r be a(5). What is the greatest common divisor of 238 and r?
34
Suppose -2*u = -5*n + 56, 2*n + 5*u = -0*n + 5. Suppose -n*b = -8*b - 6. Calculate the greatest common factor of b and 15.
3
Suppose 3*z + 24*z = 54. Suppose -4*r + 0*f = -3*f - 53, r - 5 = -2*f. Let k = r - 7. Calculate the greatest common factor of z and k.
2
Let n = 149 - 130. Calculate the highest common factor of 3 and n.
1
Suppose 3*l - 8 = 1. Suppose -l*g + 216 = -7*g. Let q be (g/(-5))/((-6)/(-20)). Calculate the greatest common divisor of q and 24.
12
Let v be (192/(-120))/((-8)/10). Calculate the greatest common divisor of v and 3.
1
Suppose -1178 = -20*p + p.